t the prime factors of 172108578.
2, 3, 17, 1687339
What are the prime factors of 28028421?
3, 23, 135403
What are the prime factors of 114690876?
2, 3, 257, 37189
List the prime factors of 95093357.
7417, 12821
List the prime factors of 189132971.
189132971
List the prime factors of 60790049.
60790049
What are the prime factors of 96879633?
3, 29, 179, 6221
List the prime factors of 48904657.
48904657
What are the prime factors of 91204722?
2, 3, 7, 47, 15401
List the prime factors of 174571695.
3, 5, 31, 125141
What are the prime factors of 40529752?
2, 5066219
List the prime factors of 1080889719.
3, 7, 13, 3959303
What are the prime factors of 3066524516?
2, 11, 5393, 12923
What are the prime factors of 2192807396?
2, 13, 23, 1833451
List the prime factors of 67108068.
2, 3, 621371
List the prime factors of 512438230.
2, 5, 51243823
What are the prime factors of 2496302820?
2, 3, 5, 11, 420253
List the prime factors of 94131370.
2, 5, 9413137
List the prime factors of 50892743.
11, 179, 25847
What are the prime factors of 2753382561?
3, 223, 283, 14543
What are the prime factors of 1127234947?
1127234947
List the prime factors of 172237892.
2, 23, 47, 61, 653
List the prime factors of 1182935684.
2, 7, 17, 2485159
What are the prime factors of 194588778?
2, 3, 32431463
List the prime factors of 35613973.
89, 400157
List the prime factors of 250683071.
17, 14746063
What are the prime factors of 276185163?
3, 9547, 9643
List the prime factors of 15690364.
2, 257, 15263
List the prime factors of 30599517.
3, 13, 784603
List the prime factors of 17373453.
3, 53, 109267
What are the prime factors of 74199995?
5, 14839999
List the prime factors of 596724364.
2, 149181091
What are the prime factors of 45142848?
2, 3, 181, 433
List the prime factors of 876260618.
2, 438130309
List the prime factors of 443718442.
2, 127, 1746923
List the prime factors of 222595638.
2, 3, 37099273
List the prime factors of 2219338883.
29, 1459, 52453
List the prime factors of 349750325.
5, 13990013
List the prime factors of 64945005.
3, 5, 4329667
What are the prime factors of 2638078673?
2638078673
What are the prime factors of 2417042672?
2, 11, 13733197
List the prime factors of 13411107.
3, 1013, 1471
What are the prime factors of 34123877?
1039, 32843
List the prime factors of 459542976.
2, 3, 59, 113, 359
List the prime factors of 1468847919.
3, 7, 11, 23, 41, 613
List the prime factors of 16773162.
2, 3, 7, 19, 21019
List the prime factors of 192832927.
7, 31, 888631
List the prime factors of 411038731.
7927, 51853
What are the prime factors of 99580280?
2, 5, 193, 12899
List the prime factors of 76890339.
3, 29, 67, 4397
What are the prime factors of 16000114?
2, 13, 615389
List the prime factors of 754457434.
2, 19, 179, 110917
What are the prime factors of 337288212?
2, 3, 29, 35897
What are the prime factors of 700790454?
2, 3, 7, 13, 6791
List the prime factors of 160517619.
3, 1981699
What are the prime factors of 115459260?
2, 3, 5, 7, 47, 5849
What are the prime factors of 45416865?
3, 5, 13, 232907
List the prime factors of 438271265.
5, 43, 211, 9661
What are the prime factors of 46450844?
2, 11, 709, 1489
List the prime factors of 2216939015.
5, 7963, 55681
List the prime factors of 160610731.
73, 30139
What are the prime factors of 3784030354?
2, 13, 599, 242971
List the prime factors of 169394102.
2, 84697051
What are the prime factors of 19640641?
503, 39047
What are the prime factors of 672322555?
5, 67, 911, 2203
List the prime factors of 606016620.
2, 3, 5, 11, 102023
List the prime factors of 349850743.
11, 19, 1673927
List the prime factors of 62939276.
2, 229, 68711
List the prime factors of 1000749675.
3, 5, 83, 373, 431
List the prime factors of 834317327.
29, 28769563
List the prime factors of 2361862189.
47, 50252387
What are the prime factors of 61161447?
3, 191, 106739
What are the prime factors of 140510479?
140510479
List the prime factors of 214407244.
2, 101, 530711
List the prime factors of 276990819.
3, 7, 173, 76243
List the prime factors of 199280837.
7, 29, 33851
What are the prime factors of 334316340?
2, 3, 5, 1857313
What are the prime factors of 13349666?
2, 11, 19, 109, 293
What are the prime factors of 1529909898?
2, 3, 11, 23180453
What are the prime factors of 1929713002?
2, 7, 3137, 6277
What are the prime factors of 551400482?
2, 19, 23, 630893
List the prime factors of 56219956.
2, 13, 1081153
List the prime factors of 31898681.
17, 613, 3061
What are the prime factors of 51397932?
2, 3, 223, 19207
What are the prime factors of 4052860163?
11, 17, 2621, 8269
List the prime factors of 1565082891.
3, 71, 272141
What are the prime factors of 155138562?
2, 3, 8618809
List the prime factors of 79658321.
79658321
List the prime factors of 4285447616.
2, 66960119
List the prime factors of 280179109.
7, 79, 72379
What are the prime factors of 1475275927?
22637, 65171
What are the prime factors of 2263238047?
7, 47, 97, 70919
What are the prime factors of 87264250?
2, 5, 113, 3089
List the prime factors of 3227585153.
13, 2087, 9151
List the prime factors of 37352100.
2, 3, 5, 19, 6553
List the prime factors of 2345362727.
263, 8917729
List the prime factors of 43631295.
3, 5, 2908753
What are the prime factors of 1803304075?
5, 23, 659, 4759
What are the prime factors of 20128971?
3, 59, 113723
List the prime factors of 89457502.
2, 17, 2631103
What are the prime factors of 343407803?
17, 47, 429797
List the prime factors of 3250805479.
131, 24815309
List the prime factors of 50319672.
2, 3, 13, 161281
List the prime factors of 1647796314.
2, 3, 23, 41, 179, 1627
What are the prime factors of 1625212903?
17, 67, 1426877
List the prime factors of 13089577.
13089577
What are the prime factors of 69583220?
2, 5, 7, 31, 16033
List the prime factors of 523919820.
2, 3, 5, 727, 12011
What are the prime factors of 241943274?
2, 3, 241, 6197
What are the prime factors of 570594077?
167, 3416731
List the prime factors of 44620352.
2, 7, 137, 727
List the prime factors of 1062877333.
7, 83, 227, 8059
What are the prime factors of 53867316?
2, 3, 4488943
List the prime factors of 63830928.
2, 3, 7, 3877
List the prime factors of 351068903.
167, 1031, 2039
What are the prime factors of 455970893?
7, 65138699
List the prime factors of 2634135957.
3, 2251, 14447
List the prime factors of 100287553.
100287553
List the prime factors of 128127807.
3, 71, 200513
What are the prime factors of 186381886?
2, 93190943
List the prime factors of 790233142.
2, 19, 20795609
List the prime factors of 8837951990.
2, 5, 7, 79, 1598183
List the prime factors of 519657071.
17, 30568063
What are the prime factors of 1733650718?
2, 17, 463, 110129
What are the prime factors of 38324803?
11, 3484073
List the prime factors of 27230259.
3, 7, 1296679
List the prime factors of 25796340.
2, 3, 5, 23, 31, 67
What are the prime factors of 203638214?
2, 13, 1259, 6221
What are the prime factors of 1092817091?
19, 433, 132833
List the prime factors of 191388197.
7, 11, 13, 19, 29, 347
What are the prime factors of 12577074?
2, 3, 109, 19231
List the prime factors of 382792292.
2, 263, 363871
What are the prime factors of 957127682?
2, 7, 9766609
List the prime factors of 506632691.
17, 4691, 6353
List the prime factors of 36166166.
2, 23, 337, 2333
What are the prime factors of 389922109?
2447, 159347
List the prime factors of 87387630.
2, 3, 5, 11, 264811
List the prime factors of 326823124.
2, 83, 984407
List the prime factors of 144989507.
13, 43, 181, 1433
What are the prime factors of 599047661?
71, 8437291
What are the prime factors of 601617074?
2, 79, 1901, 2003
What are the prime factors of 128624624?
2, 311, 25849
List the prime factors of 319733455.
5, 4703, 13597
What are the prime factors of 32292568?
2, 7, 11, 7489
List the prime factors of 235558896.
2, 3, 113, 137, 317
List the prime factors of 3682420651.
7, 13, 40466161
What are the prime factors of 71441341?
397, 179953
List the prime factors of 663746640.
2, 3, 5, 17, 162683
What are the prime factors of 59501607?
3, 11, 1803079
List the prime factors of 3178065042.
2, 3, 176559169
What are the prime factors of 3351494435?
5, 67, 10004461
What are the prime factors of 42963673?
42963673
L